48 - -8)))?
-79
Evaluate 71 + 58 + -156 - -132.
105
What is 47 - (6 + 82) - (2 + -12)?
-31
What is the value of 60 + (11 - -21 - 71)?
21
Calculate -107 + 127 - (-45 + 48 + (48 - 1)).
-30
What is 102 + -114 + -8 + 116?
96
-3 + -3 + -11 + (-66 - -78) + -5 - -54
44
Evaluate 4 + 18 + (-7 - (-6 + 10)).
11
What is the value of (1 - (0 + 2)) + 7 + (3 - -1) + 44?
54
78 + (-9 - -2) + (6 - -1 - (77 + -74))
75
What is 1927 - 1927 - (-1 + 70 - 2)?
-67
Calculate 18 + 53 - (13 - 8).
66
Calculate (2 + -62 + (-7 - -3) - (84 + -78)) + 11.
-59
What is -34 - (-38 + -10 + 11)?
3
Calculate -2 + -4 + (-5 - -7 - 54) + (23 - 10).
-45
52 + -59 - (11 + -9 + (0 - (6 - -3)))
0
What is -16 + -25 + 0 + 2?
-39
What is 117 - (11 + -20 + 57)?
69
5 - -74 - 27 - 19
33
What is the value of -37 + (-21 + -40 - -71)?
-27
What is (19 - (16 + (-14 - -6))) + 45 - 17?
39
Calculate -2 + -40 + -81 + 70.
-53
What is the value of (33 - 20) + (-6 + 6 - 4) + 6 + 11?
26
What is (-1 - 47) + (-36 - (-11 - (22 + -7)))?
-58
149 + -133 + -108 + 31 + 0
-61
3 - ((2 - 26) + (-219 - -216))
30
Calculate 178 + 55 + -136 - 100.
-3
Calculate -157 + 150 + 66 + 0 + 5.
64
Evaluate (0 - 2) + (1 - -2) + 73 + (104 - 108).
70
(10 - 2 - (26 + -18)) + 7 + -18
-11
What is -45 - -49 - (1 - 59 - (-1 - (3 + 2)))?
56
Evaluate (-1 - 2) + 4 + (-65 - (3 + -11 + -6)).
-50
15 - (-7 + 1 + 7 + -7 + 7 + -10)
24
Evaluate -64 + -5 + (-23 - -59).
-33
Calculate -10 + (-9 - -20) + 14 + (11 + -8 - 77).
-59
What is the value of 66 - (-3 + (-4 - (8 + (-27 - -1))))?
55
What is -22 + -5 + (-14 - -8) + 30?
-3
12 + 172 + -105 + 4 + -29
54
What is -169 + 3 + -1693 + 1824?
-35
(5 - -8 - 0) + (-54 - (-6 + -2))
-33
Evaluate -26 - (-128 - (-59 + 32 + -9)).
66
What is the value of 24 - (11 + (42 - 21)) - ((-57 - -1) + 2)?
46
What is 31 + -28 + (-5 - (0 + -10)) + 19?
27
Evaluate 8 - (-3 - -24) - -3 - 29.
-39
Calculate 11 + (-14 - (-21 + 21)) - (-5 + 1 + -2).
3
What is the value of (3 - 8) + (85 - 59) + -17?
4
What is 10 - 1 - ((4 - -35) + -77) - (1 + 6)?
40
8 + (60 - 23) + -4
41
-4 - (5 + (-3 - (-1 + 19))) - (-228 + 179)
61
Calculate (9 - 27 - -36 - (109 - 27)) + (0 - 10).
-74
-7 + (24 + -22 - (51 + -4))
-52
Evaluate (76 + -8 + 8 + -15 - 5) + 1 + -4.
53
Calculate -67 + (94 - 19) + 28.
36
(29 - 24) + (-15 - -28 - -1)
19
Calculate (11 - (-9 + 4)) + -224 + 228.
20
Calculate (-29 + 6 - -13) + 24 + 34.
48
What is -39 + (7 + 13 - -1) - 2?
-20
What is the value of (2 - 1) + (6 - 24) - ((-81 - -95) + -5)?
-26
What is 21 + -4 + 26 + 22 + -25?
40
(17 + -30 + 14 + 2 - -92) + -13
82
Evaluate (-17 - -26) + -34 + -2 - 10.
-37
Evaluate 10 + (-19 - ((10 - -2) + -12)) + (-1 - -57).
47
Calculate (1 - 0) + -16 + (-19 - -28) + 15 - -41.
50
What is the value of -6 - -37 - 10 - ((-3 - -13) + -5)?
16
Evaluate -25 + (62 - (-44 - -51)).
30
What is the value of -33 - (18 - (27 + 21) - -7)?
-10
Evaluate (-24 + 5 - -19) + -2 + -73.
-75
Calculate (0 + 0 - 11 - -10) + -25 + -4 + -4.
-34
What is the value of 13 + (-83 - -174) - 51?
53
Calculate -23 + (-27 - 4) + 48.
-6
What is the value of (9 - (1 - -4)) + 6 + -10 - (-55 - -6)?
49
Calculate 4 - (-7 - (22 - 15)) - 58.
-40
What is 53 + -7 + 10 + -6 + 11 + (-2 - 6)?
53
Evaluate 24 + -49 + (115 - 78).
12
What is the value of 15 + -10 + -12 + 17 + -4?
6
(1 - -91) + 510 + -469 + 1 + -44
90
What is -60 + (47 - 11) - 5?
-29
Evaluate 33 + -92 + (-8 - (-7 + -10)) - -5.
-45
Evaluate 2 + (-23 + -48 - -2) - -23.
-44
What is -64 + -133 + 193 + (3 - 62)?
-63
Calculate 13 + 0 - (87 + -62 - 5) - -83.
76
What is 22 - (18 - (21 + -2)) - -9?
32
What is the value of (-1 + 14 - (359 - 352)) + 18?
24
Calculate -4 - -70 - (-38 - -67 - 17).
54
What is 4 + 8 + (5 - 13)?
4
What is the value of (14 - -3) + -96 + 82 + -8 + 1 + 15?
11
Evaluate -51 - 120 - (98 - 123).
-146
192 + 1 + -19275 + 19131
49
What is -14 - (-20 - (9 + (-9 - -1)) - 14)?
21
What is 7 + -72 + 3 - 0 - -12?
-50
Evaluate 52 - 54 - (-17 - -17).
-2
What is 21 + 49 + -31 + (1 - 20)?
20
Calculate -47 + 26 + (-51 - 11) + 15.
-68
What is (0 - -9) + 7 + -5 + (28 - 6)?
33
Evaluate ((6 - -5) + -11 - 9 - -37) + -5.
23
Calculate (8 - (9 + 5 + 1) - -7) + 52 + -8.
44
Evaluate 1 + -10 - (29 - (7 + -106 + -16)).
-153
What is the value of -58 + -20 + 98 + 0 + -2 + -61?
-43
What is 76 - (-53 + 46) - 6?
77
Calculate 4 - -15 - -26 - -8.
53
What is the value of 4 - (68 + -111 + 66)?
-19
Calculate 11 + -19 - -31 - -8 - (-14 + 1 + -1).
45
60 - (6 - 4) - 72 - (2 - 1 - 53)
38
Calculate 8 + 10 + (-6 - 27) - -31.
16
20 + (-16 - ((3 - -9) + -46) - 2)
36
Calculate (-155 - -139) + -46 + (-10 + 3 - -3).
-66
What is 5 - ((-148 - 20) + 117)?
56
What is -21 - (-10 + 103 + -156)?
42
Evaluate -2 + -9 - (-35 + 3 - -73).
-52
-27 + -5 - (-9 - (-24 + 12))
-35
Evaluate -11 - (-1 - (-15 - -6 - 9)).
-28
Calculate 0 - -13 - (66 + -100 - -80).
-33
Evaluate 5 - (-15 + (11 - (-2 + 13))) - -13.
33
Calculate 17 + -2 + (47 - -23 - 20) + -25.
40
Evaluate (-7 - ((16 - 0) + (-16 - (-16 - 9)))) + 5.
-27
What is the value of -762 + 738 - (-6 - 63)?
45
What is the value of -66 + 74 + -5 + -1 + -2 + (-21 - -83)?
62
Evaluate 7 + (-19 + (-28 + 23 - -122) - (5 + -2)).
102
-4 - -1 - (72 + (-2 - -3)) - (5065 - 5072)
-69
Evaluate -63 + (27 + -19 - -27).
-28
Calculate 33 - (16 + (13 - 37)).
41
(-4863 - -4867) + 1 + (0 - 0) + -2 - -41
44
Calculate -13 - ((290 - 383) + (-2 - -16)).
66
Calculate 70 + (-41 - -32) + 19 + 3 + -15.
68
What is the value of (3 - 6) + -62 + 69 - (-12 - 22) - -10?
48
Evaluate -1291 + 1296 - (106 + (-4 - 2)).
-95
Calculate (0 - (-1 + 5)) + (53 - (135 + -64)).
-22
Calculate (-7 - 2 - (-534 + 511)) + 7.
21
What is the value of 1 + 3 + (-13 - 91 - -32 - 7) + 2?
-73
Calculate (-28 - (6 - 4)) + -19.
-49
What is -54 + 19 - -13 - 17 - 10?
-49
What is -8 - -21 - 9 - (-5 + (-6 - -22))?
-7
What is 0 - -59 - (20 - (33 - (7 + -3)))?
68
What is (2 - -16) + 1307 + -1209 - 21?
95
What is -11 - (54 - 71) - 0?
6
Calculate -115 - (93 + -47 + -112).
-49
1511 - 1477 - (4 + -3 - -104)
-71
What is the value of -1 - 11 - (4535 - 4577)?
30
Calculate -9 + -2 + (-1 - -22) + -54 + 60.
16
What is the value of 777 + -759 + 16 + 0?
34
25 + 29 + (2 - 69) - (2 + 15)
-30
Evaluate 49 + -11 + -19 - (-18 - 1).
38
What is the value of 35 + -36 + -6 + -1 + 0 + -24?
-32
Evaluate -5 + (-1 - 31) + 42.
5
What is (3 - 18 - 2) + -6?
-23
Evaluate 19 - 12 - (1 + 16 - (-2 + (6 - 2))).
-8
What is -16 - (8 + -5 - 19) - 40?
-40
What is the value of -6 - 2 - (-17 - (25 + -19 + (-83 - -1)))?
-67
What is 10 + (10 - -76) + -348 + 329?
77
Calculate (-7 - -12) + (2 - (-18 + 0 + -3)) - -11.
39
What is the value of 0 + 2 - 2 - -2 - ((-27 - 62) + 146)?
-55
Calculate 7 + (-1 - 0 - 3 - -52) - -6.
61
-1 + (34 - 33) + -1 + 13 + (-6 - -8)
14
Evaluate 74 + (-45 - -19) + 0 + 18.
66
What is -38 - ((-145 - (31 - 6)) + 26)?
106
Evaluate 21 + 31 + -26 + (-7 - -12).
31
(4 - -1) + (3 - 2) + (-16 - 17)
-27
-8 - (54 - (0 + 3 + 6 - (5 - 0)))
-58
(-129 - (14 - (31 - 37) - 2)) + -1 + 17
-131
What is the value of -1 - -176 - (-145 + 86 + 71) - (6 + -1)?
158
What is -3 - (-14 + -36) - (-4 + 10 + 2)?
39
Evaluate (-100 - 1) + (21 - 40 - (-12 + 24 + -39)).
-93
What is the value of (-9 - (-1 + -6 + -1)) + 1 - -55?
55
Calculate -20 + 4 + -4 - 13 - -7.
-26
What is the value of (-229 + -60 - -274) + (1 - 3 - (2 - 110))?
91
What is 2 - ((33 - 9) + -67 + -12)?
57
Evaluate (-4 - -74) + (-274 - -247).
43
-34 + (-4 - -6) - -9 - (3 + -1)
-25
(-23 - (-7 - -5)) + (-54 - -85)
10
What is the value of (205 - 223) + (-1 - -15) - -10?
6
What is the value of (34 + -58 - -17 - 39) + (-2 - (-9 - -1))?
-40
-27 + -39 + 39 + 19
-8
What is -14 - (-81 + (21 - 1) + 21)?
26
23 + 39 + 52 + -93
21
(-35 + 37 + 17 - (-3 + 77)) + (8 - -1)
-46
Evaluate -12 + 5 + -9 + 45.
29
Evaluate -3 - (-8 - -1) - (-1401 + 1366).
39
(4 - (5 - (21 + -4)) - (-2 + 15)) + 51
54
What is 53 + 0 - (3 + -1) - (42 - (47 - 15))?
41
What is the value of (1 - (-45 + 2)) + (26168 - 26216)?
-4
What is 36 + (7 - -26) + -2 + -20?
47
What is -1 + -1 + (1 - -5) - (-98 - -138)?
-36
What is the value of 28 - (-14 + 8 + 2 - (7 - 0))?
39
What is 68 + 11 + -5 + -4 + 0 + 2 + -6?
66
Calculate (55 - (30 - -15) - (-1 + 16)) + 46 + -1.
40
What is the value of (19 - (5 + -9)) + 2 + (-5 - 2)?
18
Evaluate (4 - 0) + (81 - 69) - 23.
-7
What is (34 - 29) + (-7 - 4) - 67?
-73
Calculat